base 4, what is 0 - -2023?
2023
In base 2, what is 1110111101101 - 100?
1110111101001
In base 15, what is -a + 111?
106
In base 9, what is -11877 + -1?
-11878
In base 13, what is -6 - -35?
2c
In base 3, what is -20002 - 10?
-20012
In base 15, what is -c - -5?
-7
In base 4, what is 2 + 301?
303
In base 7, what is 3 + -3166?
-3163
In base 8, what is 171 + 5?
176
In base 5, what is -1010421 + 4?
-1010412
In base 7, what is 125 + 12?
140
In base 7, what is 224 - -4?
231
In base 6, what is -5035 + -10?
-5045
In base 8, what is 2 + 61?
63
In base 10, what is 43 + 50?
93
In base 5, what is 10 - 113303?
-113243
In base 5, what is 10 + -12413?
-12403
In base 8, what is 14 + -1376?
-1362
In base 13, what is -6 + -65?
-6b
In base 5, what is -3 - -414?
411
In base 6, what is -5 - -423?
414
In base 7, what is 0 + 146?
146
In base 16, what is 273 - 0?
273
In base 12, what is 94 + -11?
83
In base 15, what is -4 + 57d?
579
In base 12, what is -154 + 25?
-12b
In base 3, what is 2 + 100101?
100110
In base 8, what is 260 + -6?
252
In base 4, what is 1122123 + 1?
1122130
In base 15, what is -985 + -2?
-987
In base 2, what is 11 + -10101001?
-10100110
In base 7, what is 1452 - 2?
1450
In base 10, what is -575 - 47?
-622
In base 6, what is -320 - 5?
-325
In base 4, what is -2010333 - -3?
-2010330
In base 13, what is -20 - -42?
22
In base 13, what is 372 - -1?
373
In base 8, what is 1 - -53?
54
In base 11, what is -2 + 36?
34
In base 15, what is -1e + 2?
-1c
In base 9, what is 1035 + -2?
1033
In base 9, what is -467 - -5?
-462
In base 7, what is -10 - -345?
335
In base 8, what is -1 + -417?
-420
In base 5, what is -3 - 20323?
-20331
In base 11, what is 5 + -1813?
-1809
In base 2, what is -100 + 10001?
1101
In base 10, what is -10 - -19?
9
In base 8, what is 107 - 0?
107
In base 2, what is -1011001 + 1110110?
11101
In base 15, what is 2 - 16c?
-16a
In base 13, what is -3c22 + -3?
-3c25
In base 3, what is -2212120 + -1?
-2212121
In base 8, what is 17 + -1215?
-1176
In base 9, what is 203 - -4?
207
In base 4, what is 23113012 + -3?
23113003
In base 12, what is 0 - -17?
17
In base 13, what is b9 - -17?
103
In base 6, what is 1251 + 21?
1312
In base 12, what is -b2 + 24?
-8a
In base 7, what is 5 + -12?
-4
In base 9, what is 1157 + 15?
1173
In base 16, what is 20 + -9?
17
In base 8, what is -3 - 62?
-65
In base 8, what is 33221 - 0?
33221
In base 12, what is 5 + -a8?
-a3
In base 13, what is -3c - -4?
-38
In base 16, what is -9d - 5?
-a2
In base 15, what is 31 + -3?
2d
In base 4, what is 2 - 311?
-303
In base 5, what is -4 + 30141?
30132
In base 16, what is -15 - 5?
-1a
In base 8, what is -3706 - -5?
-3701
In base 2, what is -1101111110 + 10?
-1101111100
In base 5, what is 344 - -1?
400
In base 4, what is 133 + 23?
222
In base 4, what is -2323 - -2?
-2321
In base 14, what is 3a7 + -5?
3a2
In base 3, what is 20 - -210?
1000
In base 13, what is 3 - 320?
-31a
In base 6, what is -25254 + 1?
-25253
In base 4, what is -10 + 10323?
10313
In base 15, what is 3 - -a4?
a7
In base 16, what is a + 9?
13
In base 13, what is 0 - 83?
-83
In base 15, what is 38 - -37?
70
In base 15, what is -175 + -9?
-17e
In base 6, what is 21110 - -5?
21115
In base 8, what is 327 + 6?
335
In base 16, what is -95f + -5?
-964
In base 2, what is -1100101 - 0?
-1100101
In base 14, what is 2 - -84?
86
In base 11, what is 82 - 5?
78
In base 11, what is 271 - -4?
275
In base 15, what is -2 + -62?
-64
In base 4, what is 1 + 333?
1000
In base 8, what is 1151 + 0?
1151
In base 13, what is -14 - 4?
-18
In base 13, what is -36 + 35?
-1
In base 3, what is 0 - -1220?
1220
In base 14, what is -a7 - 2?
-a9
In base 3, what is 221 + 1121?
2112
In base 3, what is -2122 + 1?
-2121
In base 2, what is -1000011 + 11?
-1000000
In base 10, what is -3720 + 1?
-3719
In base 5, what is -131344 + 3?
-131341
In base 6, what is -31 + 3?
-24
In base 9, what is -48 + 2?
-46
In base 11, what is -3 - 870?
-873
In base 2, what is 100100101 - 11?
100100010
In base 6, what is 1133 + -2?
1131
In base 11, what is -8 - 6?
-13
In base 5, what is -3 + 124?
121
In base 16, what is 6 + -2a4?
-29e
In base 5, what is 0 - -20402?
20402
In base 5, what is 31 - 0?
31
In base 6, what is 423 - -1?
424
In base 2, what is -10101 + 11?
-10010
In base 3, what is -12 - -2?
-10
In base 5, what is 32 + 13041?
13123
In base 13, what is 9 - -9?
15
In base 4, what is 3 - 2013221?
-2013212
In base 11, what is -1 + -2738?
-2739
In base 3, what is -11102002 + 1?
-11102001
In base 12, what is -355 - -16?
-33b
In base 10, what is -7 - -24?
17
In base 13, what is 5 - -308?
310
In base 2, what is 11110010 - 0?
11110010
In base 9, what is -2 + 65?
63
In base 7, what is 1136 + -5?
1131
In base 2, what is -100111010 + 11100?
-100011110
In base 2, what is -110 + 100000100000?
100000011010
In base 14, what is -1 + -55a?
-55b
In base 10, what is -15 - 7?
-22
In base 7, what is -120 + 5?
-112
In base 11, what is 12 + 5?
17
In base 9, what is 1108 - -4?
1113
In base 7, what is -2 - 424?
-426
In base 13, what is -b2 - -6?
-a9
In base 12, what is -22 - -88?
66
In base 15, what is 269 - 3?
266
In base 16, what is 6 - 7d?
-77
In base 7, what is 304 + -5?
266
In base 10, what is 990 + 3?
993
In base 6, what is 5 + 310?
315
In base 4, what is 221 + -1100?
-213
In base 10, what is -11 - -83?
72
In base 10, what is 3 + -84?
-81
In base 8, what is -20723 + 2?
-20721
In base 10, what is -4 + -4762?
-4766
In base 2, what is -110 + 100111011110?
100111011000
In base 3, what is -110100121 - -10?
-110100111
In base 2, what is 10011011 + 11?
10011110
In base 2, what is 11000 - 1110?
1010
In base 2, what is 100110011 + -1?
100110010
In base 4, what is 120 + 12?
132
In base 7, what is -52 - -223?
141
In base 9, what is 3 + 20?
23
In base 16, what is 14 + 1?
15
In base 16, what is -24 + 14?
-10
In base 5, what is -3331 + 10?
-3321
In base 15, what is 1 + -4b?
-4a
In base 2, what is -11000000010111 + 11?
-11000000010100
In base 3, what is 1020011 + -10?
1020001
In base 8, what is 11543 - -2?
11545
In base 15, what is 467 - -5?
46c
In base 2, what is -1010010 - 1?
-1010011
In base 3, what is -20 - 221200?
-221220
In base 15, what is 1 - 48?
-47
In base 13, what is 7 + 7?
11
In base 12, what is 15 - a?
7
In base 6, what is 2 + -102?
-100
In base 11, what is -3 - 43a1?
-43a4
In base 11, what is 320 - 21?
2aa
In base 12, what is 5 + 33b2?
33b7
In base 11, what is 9 + 10?
19
In base 10, what is -1 - 82?
-83
In base 6, what is -3505 - 2?
-3511
In base 8, what is 47 + 21?
70
In base 10, what is 30 - -2?
32
In base 10, what is 381 - 1?
380
In base 9, what is -5 + 164?
158
In base 11, what is 8 + 136?
143
In base 11, what is 85 + 9a?
174
In base 6, what is 4 + -1052?
-1044
In base 2, what is -1000 - -1101011?
1100011
In base 13, what is 1 - 592?
-591
In base 9, what is 242 - -3?
245
In base 7, what is 363 - -4?
400
In base 16, what is 8 - 101b?
-1013
In base 16, what is -298 - 2?
-29a
In base 8, what is -55 + 4?
-51
In base 3, what is 1 - -22011121?
22011122
In base 3, what is 1012012 + 10?
1012022
In base 8, what is -560 + 2?
-556
In base 3, what is -10 - 1201111?
-1201121
In base 4, what is -21300 - -23?
-21211
In base 6, what is 5 - -10033?
10042
In base 10, what is -3 + -24?
-27
In base 7, what is -3 + 156?
153
In base 4, what is -2 + 12?
10
In base 5, what is 1 + 22041?
22042
In base 9, what is -1 + -86?
-87
In base 7, what is -5 - 141?
-146
In base 11, what is 555 - 15?
540
In base 16, what is -27 + 182?
15b
In base 3, what is -20121 + 12?
-20102
In base 16, what is -3 + -41?
-44
In base 13, what is -2c7 + -1?
-2c8
In base 11, what is 2 + 2387?
2389
In base 4, what is 3301 + -3?
3232
In base 11, what is 3 - -99?
a1
In base 9, what is -7103 - -3?
-7100
In base 2, what is 0 + -1000110?
-1000110
In base 9, what is -4 - -1286?
1282
In base 5, what is -12132 + -3?
-12140
In base 14, what is -4 - -2962?
295c
In base 15, what is 0 - 52?
-52
In base 16, what is 1 - 255?
-254
In base 3, what is 2 - 12120?
-12111
In base 12, what is -2 + 53?
51
In base 6, what is -104354 - 0?
-104354
In base 15, what is 4 + 9?
d
In base 11, what is -113 - -2?
-111
In base 7, what is -1 - 12402?
-12403
In base 6, what is 15 - 3311?
-3252
In base 12, what is -b + -b3?
-102
In base 16, what is 3 + -1dc?
-1d9
In base 5, what 